the remainder when 97 is divided by w?
29
Calculate the remainder when 20/5*(-1)/((-4)/186) is divided by 47.
45
Let l = 30 - 25. Suppose 72 = -r + l*r. Calculate the remainder when 53 is divided by r.
17
Let s be 2/((3/(-27))/((-5)/30)). Suppose -20 = -5*g + 5*t, 5*g + s*t - t = 41. Let u(w) = w**2 + 2*w - 4. What is the remainder when u(-5) is divided by g?
4
Let p = 51 + -30. Let o = -19 + p. Suppose 29 = 3*d - 5*m, d = -o*d + 2*m + 35. What is the remainder when 24 is divided by d?
11
Let i = -16 + 146. Calculate the remainder when i is divided by 23.
15
Let h = 1279 + -1098. Calculate the remainder when h is divided by 13.
12
Let z = 60 + -1. Suppose 4*i - 122 = 2*d, -3*i + 2*d + 30 + 62 = 0. Calculate the remainder when z is divided by i.
29
Let v(h) = h + 29. What is the remainder when 43 is divided by v(-2)?
16
Let q(d) = -d**3 + 9*d**2 - 8*d + 28. Let o be q(8). Suppose -f = 22 - o. What is the remainder when (18/(-4))/3*-14 is divided by f?
3
Suppose -2 = -2*b, -8*b - 1031 = -2*s - 3*b. Calculate the remainder when s is divided by 13.
11
Suppose -20 = -2*v + 5*b, -2*b + 9 = 13. What is the remainder when 8 is divided by v?
3
Let g = 1823 + -1445. Calculate the remainder when g is divided by 128.
122
Let i = 284 + -210. Calculate the remainder when 285 is divided by i.
63
Let i(z) = z + 3. Let r be i(4). Suppose 6 = m - 4*h, -3*m - 2*h - 68 = -6*m. Let y = m + r. What is the remainder when y is divided by 18?
15
Let m = 11 - 0. Let o(j) = 246*j + 2 + 2 - 247*j. Calculate the remainder when o(-16) is divided by m.
9
Let j(b) = 7*b**2 + 12*b + 10. Let s be j(-4). Calculate the remainder when 2 - (9*-6 + 1) is divided by s*3/12 - 2/(-4).
17
Let g(l) = 23*l + 6. Let w be g(3). Let h = -73 + w. Calculate the remainder when h is divided by 2 + (1 - (2 + -1)).
0
What is the remainder when 375 is divided by (3/2)/((-6)/(-56))?
11
Let b be 1/((-11)/(-5) + -2). Suppose b*c - 3*c - 16 = 0. What is the remainder when 45 is divided by c?
5
Suppose -69 = -15*u - 9. Let v(t) = -5*t - 1. Let j be v(-1). What is the remainder when (58/j)/(1/u) is divided by 15?
13
Suppose 2*i + i = 315. Let f be ((1 - -22) + -2)/1. Suppose -7*v + f*v - 504 = 0. What is the remainder when i is divided by v?
33
Let d(m) be the third derivative of 5*m**2 - 7/6*m**3 + 0*m + 5/12*m**4 - 1/60*m**5 + 0. Calculate the remainder when d(8) is divided by 5.
4
Let p = -5 + 7. Suppose 8 = 2*l + 5*z, -z = -l + p*l - 4. Calculate the remainder when 91/14 + (-2)/4 is divided by l.
2
Suppose 5*p + 7*z - 13 = 5*z, 0 = p + z - 2. Calculate the remainder when p is divided by 9/6*(-6 + 22/3).
1
Suppose 8 = -2*p - 2*p, -l + 89 = -3*p. What is the remainder when l is divided by (-699)/(-33) + 16/(-88)?
20
Let b(t) = t**3 - 51*t**2 + 4*t - 182. Calculate the remainder when 22 is divided by b(51).
0
Let o be 33/15 + -2 - (-63)/(-15). Let s(d) = -d**3 - 2*d**2 + 3*d - 4. Calculate the remainder when 44 is divided by s(o).
12
Let t be 12/(-9)*(3 - 0). Let a be (-2)/t*4 - -13. Let o = -6 + a. Calculate the remainder when 16 is divided by o.
7
Suppose -2*i + 3*q = 50, 0*q + 18 = -i + 5*q. Suppose 11 = 2*c - 11. Calculate the remainder when (-137)/(-7) - 12/i is divided by c.
9
Let n(x) = 2*x**2 - 5*x + 4. Let p be n(4). Let f be (-396)/p + (-4)/16. Let q = -13 - f. Calculate the remainder when 33 is divided by q.
9
Let l(i) = 16*i**3. What is the remainder when l(1) is divided by ((-22)/(-1))/(-5 - -7)?
5
Suppose 0 = -820*s + 771*s + 4116. Let g = 1 - -21. Calculate the remainder when s is divided by g.
18
Let n(s) = 5*s**2 + 122*s - 248. Suppose -2*z = -6*z + 12. Suppose -z*x + 2 = -16. What is the remainder when n(2) is divided by x?
4
Suppose -35*k + 760 = -8410. What is the remainder when k is divided by 98?
66
Suppose -16 - 35 = -j. Let x = 74 + -68. What is the remainder when j is divided by x?
3
Let b = 5326 + -5283. Calculate the remainder when b is divided by ((-2)/4)/(1/(-30)).
13
Suppose 2*o - 4*o + 2*y = -4, -2*o + 4 = -4*y. Let f = 2 + o. Suppose 0 = -f*k - k + 410. Calculate the remainder when k is divided by 17.
14
Let r = -6 + 54. Calculate the remainder when r is divided by (-6)/(-2) + 368/16.
22
Suppose -23*q + 16176 = 25*q. What is the remainder when q is divided by 108?
13
Let n = 108 + -32. What is the remainder when 1367 is divided by n?
75
Let b = -10 - -8. Let f be 2/6*(-12)/b. Suppose -5*p - 4 = m, -12 = -f*m - 3*p + 8. Calculate the remainder when 63 is divided by m.
15
Suppose -1487*b + 1477*b + 920 = 0. Calculate the remainder when 277 is divided by b.
1
What is the remainder when -27*6/((-18)/29) is divided by 8?
5
Let i(k) = -13*k - 25. Calculate the remainder when i(-10) is divided by 19.
10
Suppose -2 = 3*i - 2*d - 6, -5*d + 9 = 2*i. Let p be i/3 + 130/(-6). Let q = p - -24. What is the remainder when q is divided by 2?
1
Suppose 5*k = -94*b + 93*b + 67, 3*b - k = 281. Calculate the remainder when 183 is divided by b.
91
Let u be ((-118)/6)/((-10)/60). Let v = -35 + u. Calculate the remainder when v is divided by 11.
6
Let u = 33 - 34. Calculate the remainder when 14 is divided by 10*u*(-5)/10.
4
Let y be -36*(22/21 + 2/7). What is the remainder when y/20 - -2 - (-32)/5 is divided by 3?
0
Suppose 0 = -2*r - 4*g + 16, -2*r - 2*g = -7 - 13. Let k(a) = 2*a**3 - 14*a**2 + 4*a + 31. Calculate the remainder when k(7) is divided by r.
11
Let k(b) = 14*b**2 + 2*b - 3. Suppose 5024 = 65*p + 1059. What is the remainder when k(-3) is divided by p?
56
Suppose -59*t + 6035 = 26*t. Calculate the remainder when t is divided by -50*((-12)/8 - -1).
21
Suppose -q = -u + 58, 2*q + 257 = -2*q - u. Suppose -14*s = -10*s + 100. Let t = s - q. What is the remainder when t is divided by 13?
12
Let k = 78 - 68. Suppose k*a - 2*a = 344. Calculate the remainder when a is divided by 15.
13
Suppose 3*z - 68 = -2*w, 4*z - 16 = -0*z. Suppose -8*o + 12 = -w. Calculate the remainder when 18 is divided by o.
3
Suppose f = -2*c - 5, -13 = 4*c - 0*f + 3*f. Calculate the remainder when 41 is divided by 10 + (c + 2 + 0)/1.
8
Let n(y) = -y + 17. Suppose 486*v + 264 = 490*v. Calculate the remainder when v is divided by n(0).
15
Let n(i) = i**3 - 11*i**2 + 47*i - 468. Suppose 2*k = -1 - 3, -5*k - 14 = -w. Suppose w*m + 0 = 68. What is the remainder when n(11) is divided by m?
15
What is the remainder when (43316/63)/7 - (-2)/(-9) is divided by (-15)/(-1) - (-5 - -3)?
13
Let g = 10 - 7. Let b(n) = 5*n**2 - 5*n - 14. What is the remainder when b(3) is divided by 6/(-1)*(-3)/g?
4
Suppose -5*m + 661 = 2*a, -3*m - 2*a - 387 = -6*m. Let b = 201 - m. Calculate the remainder when b is divided by 18.
16
Suppose 0 = -4*r + 2 + 2. Suppose -5*x = -4*b + 89, 4 - r = x. Suppose 0 = 3*c - 274 + 247. Calculate the remainder when b is divided by c.
8
What is the remainder when 269 is divided by 122/7 - 408/(-714)?
17
Calculate the remainder when ((-17)/(-5) + -1)/(36/1680) is divided by 15.
7
Suppose 5*f = 7 + 43. Suppose 0 = -2*m + m + f. Calculate the remainder when m is divided by 2.
0
Let o = 539 + -403. Calculate the remainder when o is divided by 48.
40
Let o(p) = p**2 - 6*p + 4. Let b(q) = -q**2 + 3*q + 39. Calculate the remainder when b(0) is divided by o(8).
19
Calculate the remainder when 12/(-16) + (-1175)/(-20) is divided by 21.
16
Suppose -n - r + 9 = -109, 5*n = 3*r + 606. Let c = -4 + 8. Suppose n = c*g - 0*g. What is the remainder when g is divided by 8?
6
Let n be 7 + 4/4 - 0. Suppose -3*f = -n - 7. Suppose -s = -6*j + 2*j - 14, -5*s - 4*j - 2 = 0. Calculate the remainder when f is divided by s.
1
Suppose 2*x - 2*c - 418 = 0, -14*x + 19*x - 2*c - 1060 = 0. What is the remainder when x is divided by 18?
16
Let j = 53 + 5. What is the remainder when j is divided by 15?
13
Let h be (-8 - -8)*(-2 + 1). Suppose 5*p + 0*p = h. Calculate the remainder when -1 + 0 + 18 + p is divided by 9.
8
Let m = 217 - 194. Calculate the remainder when 89 is divided by m.
20
Let g = 167 - 145. What is the remainder when 65 is divided by g?
21
Suppose 4*f - 316 = -4*t, -47*t - 4*f = -49*t + 164. Calculate the remainder when 153 is divided by t.
73
Let j(h) = -h**3 - h**2 - h. Let m(c) = 2*c**3 + 4*c**2 + c + 2. Let y(u) = -j(u) - m(u). Let a = -5 - -45. What is the remainder when a is divided by y(-4)?
12
Suppose 0 = -4*s 